se -2 = 4*a - 5*a. Let o = a + 10. What are the prime factors of o?
2, 3
Let f = 1 + 3. Suppose -f*g - 14 = n + n, 5*n - 2*g = -35. Let p = 16 + n. List the prime factors of p.
3
Suppose 10 = -5*b - 15. Let z be 10/(-3)*(-6)/b. List the prime factors of -2*(110/z)/5.
11
List the prime factors of 2/(-4) - (-141)/2.
2, 5, 7
Let s(l) be the third derivative of l**2 + 0 - 5/24*l**4 + 0*l + 0*l**3. What are the prime factors of s(-1)?
5
Let z(t) = -3*t + 2 + 4*t + 1. Let n be z(-3). Suppose n*a = -4*a + 32. List the prime factors of a.
2
Let b(d) = -3*d**2 - 2*d - 6. Let o(h) = -4*h**2 - 3*h - 5. Let l(q) = -3*b(q) + 2*o(q). What are the prime factors of l(6)?
2, 11
Suppose 2*c - c + 880 = 5*m, m - 160 = -3*c. List the prime factors of m.
5, 7
Let x(n) = -3*n - 5 - 1 + n**2 + 0*n**2. What are the prime factors of x(6)?
2, 3
Suppose 5*k = -0*k - 10. What are the prime factors of 42 - (4 - (-6)/k)?
41
Let v(w) = -w**2 + 5*w + 1. Let n be v(6). Let q = n + 9. What are the prime factors of q?
2
Let f(t) = 12*t**2 - 2*t - 1. Let a be f(-1). Suppose 47 + a = 3*v. List the prime factors of v.
2, 5
Suppose 102*t - 98*t = 768. List the prime factors of t.
2, 3
Let p(z) = -z - 7. Let g = -4 - 7. List the prime factors of p(g).
2
Suppose 0 = 4*j - 8*j + 208. What are the prime factors of j?
2, 13
Suppose 3*c = d - 55, 3*d - 2*d + 3*c - 37 = 0. List the prime factors of d.
2, 23
Let l(r) = r + 1. Let j be -2 - (-11 - -1)/(-2). Let k(g) = g**3 + 8*g**2 + 7*g + 2. Let y be k(j). What are the prime factors of l(y)?
3
Let y(z) be the first derivative of 5*z**2/2 - 1. Let d be y(6). List the prime factors of (24/(-18))/((-4)/d).
2, 5
Suppose -11 - 31 = -3*l. Let g = l - 11. What are the prime factors of g?
3
Suppose 3*a = 10 + 62. Suppose 2*k + k - a = 0. List the prime factors of k.
2
Suppose 2*g + 6 = 3*g. Suppose 11*i = g*i + 85. List the prime factors of i.
17
Let d be (-2)/(-4) - (-18)/4. Let h(g) = 4*g - 1. Let i be h(1). Suppose -i*c = -0*a - 3*a + 18, -d*c + 20 = 5*a. What are the prime factors of a?
5
Let b = 154 + -60. What are the prime factors of b?
2, 47
Let b(n) be the second derivative of n**4/12 - 5*n**3/3 + 5*n**2/2 - 2*n. What are the prime factors of b(11)?
2
Let q(y) = -y**3 + 8*y**2 + 2*y - 11. Let t = 25 - 17. Let v be q(t). Suppose -v*n + 28 = -n. List the prime factors of n.
7
Suppose 0*o + 3*o = 132. Suppose -7*u = -3*u - o. What are the prime factors of u?
11
Suppose -4*h + 3*h - 401 = -2*w, 3*h = -2*w + 413. What are the prime factors of w?
2, 101
What are the prime factors of (3 + (-6)/6)/((-2)/(-185))?
5, 37
Suppose -3 = -3*m + 12. Suppose 3*q + m*z = z - 18, 0 = -5*z. Let n = 0 - q. What are the prime factors of n?
2, 3
Let s be (-2)/3*(-5 - -2). Suppose 0 = -s*w + 3*w + 1. Let x = 1 - w. What are the prime factors of x?
2
Suppose -12 = 2*g + 26. Let y = 31 + g. What are the prime factors of y?
2, 3
Let m(j) be the second derivative of j**3/3 - j. What are the prime factors of m(9)?
2, 3
Let o = 27 - 25. Suppose 3*f = 5*g + 110, -o*f - 2*g + 112 = 2*f. List the prime factors of f.
2, 3, 5
Suppose 0 = 4*f + 4*z - 144, 10 = 3*f - 5*z - 90. Let d = f + -21. What are the prime factors of d?
2, 7
Suppose h = 3*v - 107, 0 = -h - 2*h - 6. List the prime factors of v.
5, 7
Let q = 26 + -4. Suppose -m = -2*o - 0*m + 5, 4*o + 2*m = q. List the prime factors of o.
2
Suppose -x + 48 = -2*o, 230 = 3*x + 3*o + 50. Suppose x = 8*p - 4*p. What are the prime factors of p?
2, 7
Let d = -7 + 7. Suppose d = 5*b - 59 + 4. List the prime factors of b.
11
What are the prime factors of (-1)/(((-2)/(-22))/(-1))?
11
Suppose 5*z - 15 = 0, 2*z - z + 227 = 5*j. List the prime factors of j.
2, 23
Suppose 0 = -6*v + 2*v + 16. Let g be (-219)/(-7) - v/14. Let r = -20 + g. What are the prime factors of r?
11
Let u be (-4)/6 - (-96)/(-18). Let z(j) = j**3 + 8*j**2 + 10*j + 5. List the prime factors of z(u).
17
Suppose -3*h = -3*r - 7*h + 60, r - 5*h = 1. Suppose -r = -4*o - 0. What are the prime factors of o?
2
Let g(v) = v**2 + 6*v - 5. Let f be g(-7). Suppose -2*k - f*d + 71 = 3*d, 5*d + 67 = 4*k. List the prime factors of k.
23
Suppose -2*r - 22 = -4*s, 2*r - s = -2*r - 37. Let j = 5 + r. Let a = 8 + j. List the prime factors of a.
2
Suppose 4*k - 3 = 5. Suppose -u + 63 = k*u. Let j = u - 14. What are the prime factors of j?
7
Let q = -18 + 22. Suppose 6*b = 2*b. Suppose b = q*v + v - 15. List the prime factors of v.
3
Let a(b) = -b**2 - 4*b + 5. Let w be a(5). Let y(k) = -k**2 - 6*k - 1. Let g be y(5). Let f = w - g. List the prime factors of f.
2
Let z(p) = p**3 - 7*p**2 + 3*p + 7. Let j be z(7). Let g = -20 + j. What are the prime factors of g?
2
Suppose 3*h + 1 = 16. Let z(p) = p**2 + p + 11. Let d be z(0). Suppose q + 11 = x + 3*x, -4*q + d = -h*x. List the prime factors of q.
3
Suppose 4*n = -n + 220. List the prime factors of n.
2, 11
Let n(q) = -q**3 - 5*q**2 - 5*q - 2. Let d be n(-4). Let j(w) = -5*w**2 + 4*w**2 + 1 - 3*w + 2*w**d + 4. What are the prime factors of j(4)?
3
Suppose -69 = -4*w + h + 544, 4*h - 320 = -2*w. Let s = w - 98. Let i = s - 36. What are the prime factors of i?
2, 5
Let j(o) = -o**3 - 4*o**2 + o + 9. List the prime factors of j(-4).
5
Let p = -17 - -195. What are the prime factors of p?
2, 89
Let i(j) = 0*j**2 + j**2 + 2*j**2 - 2. List the prime factors of i(2).
2, 5
Let i = 8 - 6. Suppose i*r - 30 = -r. List the prime factors of (-64)/(-10) - (-6)/r.
7
Let r = 3 + 0. Let w(h) = h**3 - 11*h**2 - 11*h + 12. Let b be w(12). Suppose b = r*f - 12. What are the prime factors of f?
2, 3
Suppose m - 30 = -4*m. Let j = -6 + m. Suppose c + j - 5 = 0. What are the prime factors of c?
5
Let b(m) = -2*m - 8. Let r(z) = -8*z**2 + z. Let o be r(1). What are the prime factors of b(o)?
2, 3
Suppose 0 + 3 = w. Suppose 0 = w*b + b - 64. Suppose -8 - b = -2*i. List the prime factors of i.
2, 3
Let f = 78 + -76. What are the prime factors of f?
2
Let w be 2/(-6)*(3 - 9). Suppose w*d = -2*r + 60, -r + d = r - 69. List the prime factors of r.
3, 11
Let b(w) = -w**2 - 8*w - 7. Let h be b(-7). Suppose 0 = -h*r + r - 2. List the prime factors of r.
2
Suppose 0 = w - 26 - 44. List the prime factors of (12/14)/(10/w).
2, 3
Let g(i) = i**3 - i**2 - i + 2. Let b be g(-2). Let n(q) = -q - 1. Let k(d) = 2*d + 1. Let a(m) = 6*k(m) + 15*n(m). What are the prime factors of a(b)?
3, 5
Let k be ((-3)/(-9))/((-2)/(-6)). Let a(b) = b + 5. Let w be a(-7). Let h = k - w. What are the prime factors of h?
3
Suppose -2*s - 140 = -5*s + u, s = 5*u + 56. What are the prime factors of s?
2, 23
Suppose -l + 50 = 20. Let w = 56 - l. Suppose 4*c + w = p + p, 2*c + 27 = 3*p. What are the prime factors of p?
7
Let v be 152/26 - (-6)/39. Suppose 2*t - 4*b - v = b, t - b - 6 = 0. List the prime factors of t.
2
Suppose 128 - 478 = -5*l. Suppose -7*z + 5*z = -l. Let g = z - 22. What are the prime factors of g?
13
Let f be -3*(-1 - 10/(-6)). Let a = f - -7. Suppose 0 = -x + a - 0. What are the prime factors of x?
5
Let y(b) = 2*b**3 + b - 1. Let x be y(1). Suppose -3*v = 5*i - 27, -1 = v - i - 2. Suppose -x*j + 12 = v*n, -25 = -2*n + 4*j + 1. List the prime factors of n.
5
Let d be ((-7)/(-21))/(2/12). Suppose -w = -5 + d. List the prime factors of w.
3
What are the prime factors of (-1856)/(-24) - 3/(-2 - -11)?
7, 11
Let l = -193 + 331. List the prime factors of l.
2, 3, 23
Suppose -2*k + k = -3. Let n be 62/6 - k/9. Let c = n + 2. What are the prime factors of c?
2, 3
Suppose 5*t - 57 = t + z, 3*z + 21 = 2*t. List the prime factors of t.
3, 5
Let t = -247 + 421. List the prime factors of t.
2, 3, 29
Suppose c - 3 = 3*i + 4, -9 = 5*i + c. Let g be (i/(-3))/((-1)/(-3)). Suppose 8 = g*s - 4*k, 3*k = -3*s - k + 22. What are the prime factors of s?
2, 3
Suppose -b + 3*b = 162. What are the prime factors of b?
3
Suppose 420 = 5*h + 35. List the prime factors of h.
7, 11
Suppose -5*v + 2*v + 66 = 0. What are the prime factors of v?
2, 11
Suppose 0 = 5*r + 4*p - 7, 0 = -5*p + 2*p - 6. Suppose 2*n = z + 12, r*n + 2*z - 12 = 13. List the prime factors of n.
7
Let j be (9/3 - 4) + 1. Suppose 0 = -j*w - 3*w + 2*a + 8, -3 = -3*w - 3*a. What are the prime factors of w?
2
Suppose g = -5*t + 75, -t - 216 = -2*g - 2*g. What are the prime factors of g?
5, 11
Suppose 4*s - 5*w - 28 = 0, 3*w = 2*s + 5 